s digit of 1060578470?
7
What is the hundred thousands digit of 2224352696?
3
What is the hundreds digit of 543168936?
9
What is the thousands digit of 212844344?
4
What is the thousands digit of 2097299?
7
What is the units digit of 786443099?
9
What is the hundred thousands digit of 1814674655?
6
What is the units digit of 62104888?
8
What is the tens digit of 1384834297?
9
What is the millions digit of 68824500?
8
What is the ten thousands digit of 244644416?
4
What is the ten millions digit of 934182299?
3
What is the ten millions digit of 143370447?
4
What is the thousands digit of 1039079918?
9
What is the hundreds digit of 4395602643?
6
What is the hundred thousands digit of 4631877064?
8
What is the hundred thousands digit of 78035916?
0
What is the ten millions digit of 1514785710?
1
What is the hundreds digit of 146077275?
2
What is the tens digit of 908062258?
5
What is the millions digit of 6922141?
6
What is the ten millions digit of 642040180?
4
What is the units digit of 29941176?
6
What is the hundreds digit of 19348676?
6
What is the thousands digit of 343039182?
9
What is the units digit of 5610514657?
7
What is the ten thousands digit of 1424942361?
4
What is the ten thousands digit of 3498942676?
4
What is the millions digit of 58082392?
8
What is the millions digit of 217036134?
7
What is the hundred thousands digit of 665345054?
3
What is the millions digit of 50931690?
0
What is the hundred thousands digit of 1122537527?
5
What is the hundred thousands digit of 418952463?
9
What is the tens digit of 1470346273?
7
What is the thousands digit of 14858607?
8
What is the hundreds digit of 118285123?
1
What is the tens digit of 54892873?
7
What is the hundred thousands digit of 8527320?
5
What is the units digit of 638717111?
1
What is the thousands digit of 88356061?
6
What is the ten millions digit of 70476688?
7
What is the thousands digit of 201203279?
3
What is the tens digit of 654740164?
6
What is the hundred thousands digit of 63045447?
0
What is the ten thousands digit of 59737619?
3
What is the ten thousands digit of 2645496015?
9
What is the millions digit of 26379026?
6
What is the hundred thousands digit of 93448781?
4
What is the hundreds digit of 7583860?
8
What is the thousands digit of 22674984?
4
What is the millions digit of 3760630827?
0
What is the hundreds digit of 133859961?
9
What is the ten millions digit of 304461463?
0
What is the units digit of 1266775501?
1
What is the ten millions digit of 1085426000?
8
What is the hundreds digit of 79798981?
9
What is the hundreds digit of 63766282?
2
What is the hundreds digit of 43204625?
6
What is the hundred thousands digit of 223912516?
9
What is the millions digit of 58573720?
8
What is the ten thousands digit of 61905755?
0
What is the ten thousands digit of 17543024?
4
What is the hundreds digit of 2403022625?
6
What is the tens digit of 16593482?
8
What is the hundreds digit of 455688882?
8
What is the millions digit of 568981209?
8
What is the millions digit of 54059643?
4
What is the billions digit of 4032804414?
4
What is the thousands digit of 566741708?
1
What is the millions digit of 4708854616?
8
What is the ten millions digit of 23673959?
2
What is the hundred millions digit of 1277629216?
2
What is the ten thousands digit of 5732292162?
9
What is the millions digit of 81158172?
1
What is the millions digit of 4053318?
4
What is the hundreds digit of 54408675?
6
What is the hundreds digit of 52332688?
6
What is the units digit of 21834697?
7
What is the ten millions digit of 52277223?
5
What is the millions digit of 31702498?
1
What is the tens digit of 73364392?
9
What is the millions digit of 359663255?
9
What is the millions digit of 462055327?
2
What is the hundred thousands digit of 30355075?
3
What is the hundreds digit of 220711200?
2
What is the hundred millions digit of 703583971?
7
What is the units digit of 1015418883?
3
What is the units digit of 13965105?
5
What is the millions digit of 80763934?
0
What is the millions digit of 315704045?
5
What is the tens digit of 939002588?
8
What is the ten thousands digit of 95474554?
7
What is the units digit of 1287614867?
7
What is the millions digit of 15792222?
5
What is the tens digit of 137751225?
2
What is the ten thousands digit of 538645917?
4
What is the units digit of 177593161?
1
What is the tens digit of 97789994?
9
What is the units digit of 30170365?
5
What is the hundred thousands digit of 67553169?
5
What is the tens digit of 2216452860?
6
What is the units digit of 1156857343?
3
What is the units digit of 1482071289?
9
What is the hundred millions digit of 368817854?
3
What is the thousands digit of 69682970?
2
What is the ten millions digit of 34897888?
3
What is the hundreds digit of 3807478714?
7
What is the billions digit of 2483201154?
2
What is the units digit of 4273910729?
9
What is the hundreds digit of 1727640708?
7
What is the ten thousands digit of 55565276?
6
What is the thousands digit of 44818879?
8
What is the ten thousands digit of 1539664103?
6
What is the tens digit of 174955106?
0
What is the thousands digit of 4237260803?
0
What is the units digit of 520228218?
8
What is the ten thousands digit of 4065732740?
3
What is the ten millions digit of 330226762?
3
What is the millions digit of 600319874?
0
What is the billions digit of 1317028756?
1
What is the ten thousands digit of 2274811109?
1
What is the ten thousands digit of 68992785?
9
What is the tens digit of 689911001?
0
What is the hundreds digit of 21114519?
5
What is the hundreds digit of 3096319286?
2
What is the hundreds digit of 4053399033?
0
What is the millions digit of 45044764?
5
What is the hundreds digit of 269035797?
7
What is the ten millions digit of 86418530?
8
What is the hundreds digit of 397135634?
6
What is the units digit of 1572160342?
2
What is the thousands digit of 3461922?
1
What is the hundred millions digit of 311323402?
3
What is the hundred thousands digit of 65885089?
8
What is the hundred millions digit of 196582866?
1
What is the tens digit of 3789222573?
7
What is the millions digit of 50212243?
0
What is the tens digit of 169737118?
1
What is the units digit of 218336366?
6
What is the millions digit of 651210600?
1
What is the hundred millions digit of 1072091526?
0
What is the hundreds digit of 1511807?
8
What is the units digit of 96708327?
7
What is the ten millions digit of 187907729?
8
What is the units digit of 51810987?
7
What is the thousands digit of 78136032?
6
What is the billions digit of 1188489639?
1
What is the units digit of 5013768?
8
What is the thousands digit of 67466791?
6
What is the tens digit of 642814904?
0
What is the ten thousands digit of 691401410?
0
What is the units digit of 3353237?
7
What is the ten millions digit of 577635587?
7
What is the ten thousands digit of 242432300?
3
What is the units digit of 269610532?
2
What is the tens digit of 516509062?
6
What is the tens digit of 45623705?
0
What is the ten millions digit of 82962707?
8
What is the ten thousands digit of 950700291?
0
What is the tens digit of 137295942?
4
What is the thousands digit of 5571627952?
7
What is the millions digit of 83589593?
3
What is the hundred millions digit of 178745928?
1
What is the hundred thousands digit of 194401606?
4
What is the tens digit of 1563960484?
8
What is the hundred millions digit of 927689790?
9
What is the units digit of 1467510483?
3
What is the millions digit of 6010675?
6
What is the hundred millions digit of 2886006738?
8
What is the tens digit of 32726960?
6
What is the ten thousands digit of 60251111?
5
What is the hundred millions digit of 1550551781?
5
What is the units digit of 241210836?
6
What is the thousands digit of 661607016?
7
What is the hundred thousands digit of 79791424?
7
What is the units digit of 63296677?
7
What is the hundreds digit of 351696464?
4
What is the thousands digit of 950643692?
3
What is the hundreds digit of 234816745?
7
What is the tens digit of 444091892?
9
What is the thousands digit of 84297857?
7
What is the ten millions digit of 222201134?
2
What is the units digit of 629491397?
7
What is the hundred thousands digit of 21476641?
4
What is the ten thousands digit of 2128792576?
9
Wha